{"id":8,"date":"2011-01-23T11:39:22","date_gmt":"2011-01-23T11:39:22","guid":{"rendered":"http:\/\/r.cochetel.free.fr\/?page_id=8"},"modified":"2025-10-11T18:49:22","modified_gmt":"2025-10-11T16:49:22","slug":"accueil","status":"publish","type":"page","link":"https:\/\/raphaelcochetel.fr\/","title":{"rendered":"ACCUEIL"},"content":{"rendered":"\n<h3 class=\"wp-block-heading\"><figure><img loading=\"lazy\" decoding=\"async\" class=\"aligncenter size-full wp-image-1137\" src=\"https:\/\/raphaelcochetel.fr\/wp-content\/uploads\/2017\/04\/DSCN1873-Copie-2.jpg\" alt=\"\" width=\"4446\" height=\"1685\" srcset=\"https:\/\/raphaelcochetel.fr\/wp-content\/uploads\/2017\/04\/DSCN1873-Copie-2.jpg 4446w, https:\/\/raphaelcochetel.fr\/wp-content\/uploads\/2017\/04\/DSCN1873-Copie-2-300x114.jpg 300w, https:\/\/raphaelcochetel.fr\/wp-content\/uploads\/2017\/04\/DSCN1873-Copie-2-768x291.jpg 768w, https:\/\/raphaelcochetel.fr\/wp-content\/uploads\/2017\/04\/DSCN1873-Copie-2-1024x388.jpg 1024w\" sizes=\"auto, (max-width: 4446px) 100vw, 4446px\" \/><\/figure><\/h3>\n\n\n\n<h2 class=\"wp-block-heading\">Coach sportif \u00e0 domicile \u00e0 Nyons,\u00a0Carpentras, Pernes les Fontaines, Buis les Baronnies, Vaison la Romaine, Beaumes-de-Venise&#8230;<\/h2>\n\n\n\n<p>Apr\u00e8s 10 ann\u00e9es sur Paris, et 5 ann\u00e9es \u00e0 Vacqueyras , je viens m&rsquo;installer \u00e0 Entrechaux.<\/p>\n\n\n\n<p>Mon premier objectif est toujours le m\u00eame, r\u00e9ussir \u00e0 m&rsquo;adapter \u00e0 chaque client pour qu&rsquo;il puisse atteindre ses objectifs, car&nbsp;pour un homme ou une femme, une personne de 30 ans ou de 75, un ancien sportif ou un d\u00e9butant, les m\u00e9thodes et mat\u00e9riels utilis\u00e9s seront tr\u00e8s diff\u00e9rents.&nbsp;Ces ann\u00e9es d&rsquo;exp\u00e9rience m&rsquo;ont permis de diversifier et d&rsquo;am\u00e9liorer mon travail de personal trainer afin d&rsquo;\u00eatre le plus efficace possible face \u00e0 cette demande extr\u00eamement diverse et vari\u00e9e, ce qui est bien s\u00fbr l&rsquo;int\u00e9r\u00eat premier de mon m\u00e9tier.<\/p>\n\n\n\n<p>Vous avez peut-\u00eatre aujourd&rsquo;hui envie de changer votre <strong>hygi\u00e8ne de vie<\/strong>, et ce pour de multiples raisons, la premi\u00e8re est souvent un petit surplus pond\u00e9ral qui s&rsquo;accentue au fil des ans, et l&rsquo;\u00e9chec de plusieurs r\u00e9gimes vous&nbsp;a fait comprendre qu&rsquo;il faudrait associer \u00e0 une alimentation saine une pratique sportive r\u00e9guli\u00e8re pour r\u00e9ellement \u00eatre efficace. Pour d&rsquo;autres personnes un simple jeu de ballon avec&nbsp;votre enfant ou&nbsp;votre petit enfant&nbsp;a permis de se rendre compte d&rsquo;un<strong> manque de tonicit\u00e9<\/strong> voire d&rsquo;une incapacit\u00e9 \u00e0 faire de petits efforts&#8230; Si je voulais \u00eatre pr\u00e9cis la liste serait tr\u00e8s longue, mais en r\u00e9sum\u00e9, chaque personne doit avoir \u00e0 un moment ou un autre une prise de conscience sur sa condition physique, ce qui est d\u00e9j\u00e0 positif. Si tel est votre cas, deux solutions existent, une o\u00f9 vous allez r\u00e9agir et chercher des solutions, une deuxi\u00e8me o\u00f9 vous acceptez le constat par r\u00e9signation.<\/p>\n\n\n\n<p>Si vous faites partie du premier cas, vous avez diff\u00e9rentes possibilit\u00e9s qui ont toutes leurs avantages, et qui toutes peuvent vous permettre d&rsquo;atteindre vos objectifs. Par exemple, vous pouvez reprendre le tennis que vous avez abandonn\u00e9 il y 20 ans, vous inscrire dans un club de gym, faire de l&rsquo;aquagym en groupe ou du waterbike en solo, pratiquer la m\u00e9thode pilates, devenir un pratiquant de marche sportive&#8230; des milliers de solutions s&rsquo;offrent \u00e0 vous, et peuvent \u00eatre efficaces.<\/p>\n\n\n\n<p>Une autre solution est de faire appel \u00e0 <strong>un coach sportif<\/strong>. Je vais essayer en quelques lignes d&rsquo;expliquer les <strong>avantages du concept<\/strong>, et peut-\u00eatre vous d\u00e9cider \u00e0 me contacter&#8230;<\/p>\n\n\n\n<p>Je me d\u00e9place directement <strong>\u00e0 votre domicile<\/strong>, \u00e0 l&rsquo;heure choisie, avec mon mat\u00e9riel, donc, qu&rsquo;il fasse beau ou qu&rsquo;il pleuve, que vous soyez tr\u00e8s motiv\u00e9 ou non ce jour l\u00e0, la s\u00e9ance aura lieu, bien \u00e9videmment en s&rsquo;adaptant \u00e0 votre forme du jour mais ceci entra\u00eene de suite une r\u00e9gularit\u00e9 impossible \u00e0 g\u00e9rer lorsqu&rsquo;on doit soi-m\u00eame se rendre \u00e0 sa s\u00e9ance de sport&#8230; vous avez tous v\u00e9cu des situations&nbsp;o\u00f9 pour une raison ou une autre vous \u00eates rest\u00e9s \u00e0 la maison.<\/p>\n\n\n\n<h2 class=\"wp-block-heading\">La s\u00e9ance sera en individuel ou en bin\u00f4me<\/h2>\n\n\n\n<p>D&rsquo;o\u00f9 une facilit\u00e9 \u00e0 pouvoir \u00eatre pr\u00e9cis dans les corrections des postures, des mouvements.<\/p>\n\n\n\n<p>La s\u00e9ance sera surtout <strong>personnalis\u00e9e<\/strong>, c&rsquo;est \u00e0 dire que selon vos objectifs, vos points forts, vos points faibles, je devrai m&rsquo;adapter au mieux afin de r\u00e9aliser les s\u00e9ances qui vous correspondent et qui vous seront les plus utiles, les plus b\u00e9n\u00e9fiques. Ceci est tout \u00e0 fait r\u00e9alisable avec deux amies du m\u00eame niveau, mais aussi avec un couple, m\u00eame si madame et monsieur n&rsquo;ont pas exactement les m\u00eames buts.<\/p>\n\n\n\n<p>J&rsquo;utilise diff\u00e9rents mat\u00e9riels comme des petits halt\u00e8res, de 500 gr \u00e0 2 kg, des bandes lest\u00e9es pour fix\u00e9es aux chevilles ou aux poignets, des \u00e9lastiques plus ou moins r\u00e9sistants, des ballons, des tapis de sol&#8230; ce mat\u00e9riel est parfait pour d\u00e9couvrir l&rsquo;activit\u00e9 physique, mais peut \u00eatre aussi id\u00e9al pour une personne de 40 ans d\u00e9j\u00e0 en bonne forme.<\/p>\n\n\n\n<p>J&rsquo;ai ainsi une client\u00e8le tr\u00e8s vari\u00e9e, allant du marathonien, jusqu&rsquo;\u00e0 la d\u00e9butante de plus de 60 ans, sans oublier certaines personnes \u00ab\u00a0diff\u00e9rentes\u00a0\u00bb, car touch\u00e9es par la maladie, comme la scl\u00e9rose en plaques, ou la maladie de Parkinson, je donne aussi plusieurs s\u00e9ances chaque semaine dans une clinique psychiatrique&#8230;<\/p>\n\n\n\n<p>La s\u00e9ance peut aussi se d\u00e9rouler en ext\u00e9rieur, pour courir, marcher, ou pour utiliser l&rsquo;infrastructure d&rsquo;un parcours de sant\u00e9&#8230;<\/p>\n\n\n\n<p>Je ne sais pas si vous allez me contacter, mais en tous les cas, quelque soit votre \u00e2ge, si vous estimez que votre condition physique actuelle n&rsquo;est pas id\u00e9ale &#8230; n&rsquo;h\u00e9sitez pas, renseignez vous et <span style=\"text-decoration: underline;\">trouvez l&rsquo;activit\u00e9 sportive dont vous avez besoin<\/span> !!!<\/p>\n\n\n\n<p>A tr\u00e8s bient\u00f4t<\/p>\n\n\n\n<p>Rapha\u00ebl<\/p>\n\n\n\n<h2 class=\"wp-block-heading\">Tarifs:<\/h2>\n\n\n\n<ul class=\"wp-block-list\">\n<li>en individuel : <strong>500 euros<\/strong>\u00a0le forfait de <strong>10 s\u00e9ances<\/strong>.<\/li>\n\n\n\n<li>pour 2 personnes: <strong>600 euros<\/strong>\u00a0le forfait de <strong>10 s\u00e9ances<\/strong>.<\/li>\n<\/ul>\n\n\n\n<p>Pour une bonne s\u00e9ance, sans stress, efficace et dans la bonne humeur, merci de lib\u00e9rer un cr\u00e9neau de 90 minutes.<\/p>\n\n\n\n<p>Je suis \u00e0 votre disposition:<\/p>\n\n\n\n<ul class=\"wp-block-list\">\n<li><strong>du lundi au vendredi de 8h \u00e0 21h.<\/strong><\/li>\n<\/ul>\n\n\n\n<p>Vous pouvez me joindre au <span style=\"color: #2daae1;\"><strong>06 51 63 04 71<\/strong><\/span> , ou par email sur la page <a title=\"Contact\" href=\"https:\/\/raphaelcochetel.fr\/index.php\/contact\/\">contact<\/a>.<\/p>\n","protected":false},"excerpt":{"rendered":"<p>Coach sportif \u00e0 domicile \u00e0 Nyons,\u00a0Carpentras, Pernes les Fontaines, Buis les Baronnies, Vaison la Romaine, Beaumes-de-Venise&#8230; Apr\u00e8s 10 ann\u00e9es sur Paris, et 5 ann\u00e9es \u00e0 Vacqueyras , je viens m&rsquo;installer \u00e0 Entrechaux. Mon premier objectif est toujours le m\u00eame, r\u00e9ussir \u00e0 m&rsquo;adapter \u00e0 chaque client&#8230;<\/p>\n","protected":false},"author":2,"featured_media":0,"parent":0,"menu_order":0,"comment_status":"closed","ping_status":"closed","template":"","meta":{"footnotes":""},"class_list":["post-8","page","type-page","status-publish","hentry"],"_links":{"self":[{"href":"https:\/\/raphaelcochetel.fr\/index.php\/wp-json\/wp\/v2\/pages\/8","targetHints":{"allow":["GET"]}}],"collection":[{"href":"https:\/\/raphaelcochetel.fr\/index.php\/wp-json\/wp\/v2\/pages"}],"about":[{"href":"https:\/\/raphaelcochetel.fr\/index.php\/wp-json\/wp\/v2\/types\/page"}],"author":[{"embeddable":true,"href":"https:\/\/raphaelcochetel.fr\/index.php\/wp-json\/wp\/v2\/users\/2"}],"replies":[{"embeddable":true,"href":"https:\/\/raphaelcochetel.fr\/index.php\/wp-json\/wp\/v2\/comments?post=8"}],"version-history":[{"count":108,"href":"https:\/\/raphaelcochetel.fr\/index.php\/wp-json\/wp\/v2\/pages\/8\/revisions"}],"predecessor-version":[{"id":1444,"href":"https:\/\/raphaelcochetel.fr\/index.php\/wp-json\/wp\/v2\/pages\/8\/revisions\/1444"}],"wp:attachment":[{"href":"https:\/\/raphaelcochetel.fr\/index.php\/wp-json\/wp\/v2\/media?parent=8"}],"curies":[{"name":"wp","href":"https:\/\/api.w.org\/{rel}","templated":true}]}}